{"id":303,"date":"2025-06-11T19:03:25","date_gmt":"2025-06-11T22:03:25","guid":{"rendered":"https:\/\/ligadonoportugues.com.br\/?page_id=303"},"modified":"2025-06-13T09:18:28","modified_gmt":"2025-06-13T12:18:28","slug":"adjetivos-exercicios","status":"publish","type":"page","link":"https:\/\/ligadonoportugues.com.br\/index.php\/adjetivos-exercicios\/","title":{"rendered":"Adjetivos: Exerc\u00edcios"},"content":{"rendered":"\n<p class=\"has-black-color has-text-color has-link-color wp-elements-4bf9c1de9f703e239eb4c450c512e2fe\" style=\"font-size:18px\"><strong>1.<\/strong> <strong>Na ora\u00e7\u00e3o &#8220;<em>A crian\u00e7a curiosa observava atentamente o formigueiro no jardim.<\/em>&#8221; o adjetivo &#8220;<em>curiosa<\/em>&#8220;:<\/strong><\/p>\n\n\n\n<p class=\"has-black-color has-text-color has-link-color wp-elements-2b852ceff2c8c66097fe0ed8a1dbcfda\" style=\"font-size:18px\">A) est\u00e1 no grau comparativo de igualdade<br>B) \u00e9 um adjetivo simples, no feminino e singular<br>C) \u00e9 um adjetivo composto e derivado<br>D) concorda com um verbo no plural<\/p>\n\n\n\n<hr class=\"wp-block-separator has-alpha-channel-opacity\"\/>\n\n\n\n<p class=\"has-black-color has-text-color has-link-color wp-elements-990b7263110f0b4cad212188016f797b\" style=\"font-size:18px\"><strong>2.<\/strong> <strong>Na ora\u00e7\u00e3o &#8220;<em>Os m\u00f3veis antigos foram restaurados por um artes\u00e3o experiente.<\/em>&#8221; o adjetivo &#8220;antigos&#8221; est\u00e1 no<\/strong>:<\/p>\n\n\n\n<p class=\"has-black-color has-text-color has-link-color wp-elements-7ab64ab204f0a9db39bb86609fab00e5\" style=\"font-size:18px\">A) singular e masculino<br>B) plural e concorda com \u201cartes\u00e3o\u201d<br>C) plural e concorda com \u201cm\u00f3veis\u201d<br>D) grau superlativo absoluto anal\u00edtico<\/p>\n\n\n\n<hr class=\"wp-block-separator has-alpha-channel-opacity\"\/>\n\n\n\n<p class=\"has-black-color has-text-color has-link-color wp-elements-ecabcec6cbb6e098e3792663a782cabe\" style=\"font-size:18px\"><strong>3.<\/strong> <strong>Em &#8220;<em>Aquela ideia era mais ousada do que todas as anteriores.<\/em>&#8220;, a express\u00e3o \u201cmais ousada do que\u201d indica:<\/strong><\/p>\n\n\n\n<p class=\"has-black-color has-text-color has-link-color wp-elements-e8b9e3308a2b6d31616cc09b6ef848ca\" style=\"font-size:18px\">A) grau comparativo de inferioridade<br>B) grau superlativo absoluto<br>C) grau comparativo de superioridade<br>D) adjetivo invari\u00e1vel<\/p>\n\n\n\n<hr class=\"wp-block-separator has-alpha-channel-opacity\"\/>\n\n\n\n<p class=\"has-black-color has-text-color has-link-color wp-elements-776c5ecfe088aeb840b24b49a7762ac5\" style=\"font-size:18px\"><strong>4.<\/strong> <strong>Em &#8220;<em>Os alunos estavam t\u00e3o atentos quanto o professor esperava.<\/em>&#8221; A constru\u00e7\u00e3o &#8220;t\u00e3o atentos quanto&#8221; expressa:<\/strong><\/p>\n\n\n\n<p class=\"has-black-color has-text-color has-link-color wp-elements-19253a3b9aa64864bd06e895decf30a3\" style=\"font-size:18px\">A) grau comparativo de igualdade<br>B) adjetivo composto invari\u00e1vel<br>C) superlativo sint\u00e9tico<br>D) adjetivo primitivo<\/p>\n\n\n\n<hr class=\"wp-block-separator has-alpha-channel-opacity\"\/>\n\n\n\n<p class=\"has-black-color has-text-color has-link-color wp-elements-eb05d064c90d5b7ed52c7ec6094e8839\" style=\"font-size:18px\"><strong>5.<\/strong> <strong>Na ora\u00e7\u00e3o &#8220;<em>O cachorro estava quiet\u00edssimo durante toda a tempestade<\/em>.&#8221; o adjetivo \u201cquiet\u00edssimo\u201d est\u00e1 no grau:<\/strong><\/p>\n\n\n\n<p class=\"has-black-color has-text-color has-link-color wp-elements-4273d516213dc220b0e0b58f3402db63\" style=\"font-size:18px\">A) superlativo anal\u00edtico<br>B) comparativo de igualdade<br>C) superlativo sint\u00e9tico<br>D) comparativo de inferioridade<\/p>\n\n\n\n<hr class=\"wp-block-separator has-alpha-channel-opacity\"\/>\n\n\n\n<p class=\"has-black-color has-text-color has-link-color wp-elements-dc616584f162fb2138daaa737ebf69da\" style=\"font-size:18px\"><strong>6.<\/strong> <strong>Na ora\u00e7\u00e3o &#8220;<em>A estrada era longa e sinuosa, exigindo aten\u00e7\u00e3o dos motoristas<\/em>.&#8221; os adjetivos caracterizam:<\/strong><\/p>\n\n\n\n<p class=\"has-black-color has-text-color has-link-color wp-elements-620ec5bface02f1a1313da591e34f7c5\" style=\"font-size:18px\">A) os motoristas<br>B) o substantivo &#8220;aten\u00e7\u00e3o&#8221;<br>C) o substantivo &#8220;estrada&#8221;<br>D) um adv\u00e9rbio<\/p>\n\n\n\n<hr class=\"wp-block-separator has-alpha-channel-opacity\"\/>\n\n\n\n<p class=\"has-black-color has-text-color has-link-color wp-elements-4dffc501a40528ea14b8919d959148d8\" style=\"font-size:18px\"><strong>7.<\/strong> <strong>No trecho &#8220;<em>O aluno menos aplicado da sala foi reprovado<\/em>.&#8221; a express\u00e3o \u201c<em>menos aplicado<\/em>\u201d \u00e9 um exemplo de:<\/strong><\/p>\n\n\n\n<p class=\"has-black-color has-text-color has-link-color wp-elements-907f275b9d7de43dfcfae0ea2acee348\" style=\"font-size:18px\">A) adjetivo derivado<br>B) grau comparativo de superioridade<br>C) superlativo relativo de inferioridade<br>D) adjetivo p\u00e1trio<\/p>\n\n\n\n<hr class=\"wp-block-separator has-alpha-channel-opacity\"\/>\n\n\n\n<p class=\"has-black-color has-text-color has-link-color wp-elements-ac365df0cb3e324b6a980f3c4f40a9a7\" style=\"font-size:18px\"><strong>8.<\/strong> <strong>Em &#8220;<em>A escritora \u00e9 luso-brasileira e premiada internacionalmente.<\/em>&#8220;, sobre o adjetivo composto \u201c<em>luso-brasileira<\/em>\u201d, \u00e9 correto afirmar:<\/strong><\/p>\n\n\n\n<p class=\"has-black-color has-text-color has-link-color wp-elements-5c373c7e0d83aa4aed3a2d3c8e3d05e1\" style=\"font-size:18px\">A) Ambos os elementos variam em g\u00eanero.<br>B) Apenas o primeiro varia.<br>C) Apenas o segundo varia.<br>D) Nenhum dos elementos varia.<\/p>\n\n\n\n<hr class=\"wp-block-separator has-alpha-channel-opacity\"\/>\n\n\n\n<p class=\"has-black-color has-text-color has-link-color wp-elements-2dcb13d691d312f7398aa1cfaa71293b\" style=\"font-size:18px\"><strong>9.<\/strong> <strong>Na ora\u00e7\u00e3o &#8220;<em>A resposta correta era t\u00e3o dif\u00edcil quanto a pergunta.<\/em>&#8220;, o adjetivo \u201ccorreta\u201d:<\/strong><\/p>\n\n\n\n<p class=\"has-black-color has-text-color has-link-color wp-elements-20b93ea1b54c9432a63c78b9fc5d52b4\" style=\"font-size:18px\">A) \u00e9 composto e derivado<br>B) est\u00e1 no grau superlativo sint\u00e9tico<br>C) concorda com \u201cresposta\u201d em g\u00eanero e n\u00famero<br>D) \u00e9 invari\u00e1vel em qualquer contexto<\/p>\n\n\n\n<hr class=\"wp-block-separator has-alpha-channel-opacity\"\/>\n\n\n\n<p class=\"has-black-color has-text-color has-link-color wp-elements-15150d9e057a6c2c6e5e0b11959cc622\" style=\"font-size:18px\"><strong>10.<\/strong> <strong>Em &#8220;<em>O rapaz estava meio cansado no fim da prova.<\/em>&#8221; o adv\u00e9rbio \u201cmeio\u201d que antecede o adjetivo \u201ccansado\u201d:<\/strong><\/p>\n\n\n\n<p class=\"has-black-color has-text-color has-link-color wp-elements-94baf37e74162fdc04ae45b4cdc7e889\" style=\"font-size:18px\">A) est\u00e1 no feminino para concordar com o adjetivo<br>B) \u00e9 um numeral<br>C) permanece invari\u00e1vel por ser adv\u00e9rbio<br>D) est\u00e1 no plural<\/p>\n\n\n\n<hr class=\"wp-block-separator has-alpha-channel-opacity\"\/>\n\n\n\n<p class=\"has-black-color has-text-color has-link-color wp-elements-8e5b2cb4074d47a784976cb5227ff523\" style=\"font-size:18px\"><strong>11.<\/strong> <strong>Na ora\u00e7\u00e3o &#8220;<em>As decis\u00f5es pol\u00edticas influenciam diretamente o cotidiano das pessoas.<\/em>&#8221; o adjetivo \u201cpol\u00edticas\u201d \u00e9:<\/strong><\/p>\n\n\n\n<p class=\"has-black-color has-text-color has-link-color wp-elements-3b5e990b163b4c9befbf1f7966ecdc42\" style=\"font-size:18px\">A) derivado e no plural<br>B) primitivo e simples<br>C) composto e invari\u00e1vel<br>D) comparativo de igualdade<\/p>\n\n\n\n<hr class=\"wp-block-separator has-alpha-channel-opacity\"\/>\n\n\n\n<p class=\"has-black-color has-text-color has-link-color wp-elements-9e61fe9def29fed3b0a4e565c2f146fe\" style=\"font-size:18px\"><strong>12.<\/strong> <strong>Em &#8220;<em>Jo\u00e3o \u00e9 o mais honesto da turma.<\/em>&#8220;, a constru\u00e7\u00e3o \u201c<em>mais honesto da turma<\/em>\u201d \u00e9:<\/strong><\/p>\n\n\n\n<p class=\"has-black-color has-text-color has-link-color wp-elements-17cbfcfb73719d7989e4ed554b28f5fa\" style=\"font-size:18px\">A) comparativo de superioridade<br>B) superlativo relativo de superioridade<br>C) superlativo absoluto<br>D) grau anal\u00edtico de inferioridade<\/p>\n\n\n\n<hr class=\"wp-block-separator has-alpha-channel-opacity\"\/>\n\n\n\n<p class=\"has-black-color has-text-color has-link-color wp-elements-08a551b2a3958ec936c550d2b1404fe1\" style=\"font-size:18px\"><strong>13.<\/strong> <strong>Na ora\u00e7\u00e3o &#8220;<em>A floresta estava \u00famida ap\u00f3s a forte chuva<\/em>.&#8221;, o adjetivo \u201c<em>\u00famida<\/em>\u201d:<\/strong><\/p>\n\n\n\n<p class=\"has-black-color has-text-color has-link-color wp-elements-1854518e3643f46b5259d208ed1eafe9\" style=\"font-size:18px\">A) \u00e9 composto<br>B) qualifica a palavra &#8220;chuva&#8221;<br>C) concorda com o substantivo \u201cfloresta\u201d<br>D) est\u00e1 no plural<\/p>\n\n\n\n<hr class=\"wp-block-separator has-alpha-channel-opacity\"\/>\n\n\n\n<p class=\"has-black-color has-text-color has-link-color wp-elements-267262adcfea2ec49549c92a95ac5417\" style=\"font-size:18px\"><strong>14. No trecho &#8220;<em>Os jogadores foram extremamente habilidosos durante o torneio<\/em>.&#8221;, o adjetivo \u201c<em>habilidosos<\/em>\u201d est\u00e1 no:<\/strong><\/p>\n\n\n\n<p class=\"has-black-color has-text-color has-link-color wp-elements-39f5329af46914815e4092a1ac07d0f2\" style=\"font-size:18px\">A) grau comparativo<br>B) grau superlativo sint\u00e9tico<br>C) n\u00famero singular<br>D) grau superlativo anal\u00edtico<\/p>\n\n\n\n<hr class=\"wp-block-separator has-alpha-channel-opacity\"\/>\n\n\n\n<p class=\"has-black-color has-text-color has-link-color wp-elements-d911923f7daef6256bee3aad8ad1b133\" style=\"font-size:18px\"><strong>15.<\/strong> <strong>Na ora\u00e7\u00e3o &#8220;<em>A solu\u00e7\u00e3o encontrada foi bastante eficaz.<\/em>&#8220;, o adjetivo \u201c<em>eficaz<\/em>\u201d:<\/strong><\/p>\n\n\n\n<p class=\"has-black-color has-text-color has-link-color wp-elements-89d5e71a6713e338e47042895236cdda\" style=\"font-size:18px\">A) \u00e9 invari\u00e1vel no plural<br>B) muda de forma no feminino<br>C) concorda com \u201csolu\u00e7\u00e3o\u201d<br>D) est\u00e1 no grau superlativo absoluto sint\u00e9tico<\/p>\n\n\n\n<hr class=\"wp-block-separator has-alpha-channel-opacity\"\/>\n\n\n\n<p class=\"has-black-color has-text-color has-link-color wp-elements-076927e9c35d9b66f5b2de79ae200a59\" style=\"font-size:18px\"><strong>16. Leia o texto abaixo:<\/strong><br><em>O livro rec\u00e9m-lan\u00e7ado, escrito por uma jovem autora brasileira, foi considerado inovador e envolvente pela cr\u00edtica liter\u00e1ria. Apesar da pouca idade, a escritora demonstrou talento e maturidade surpreendentes ao construir personagens complexos e realistas.<\/em><\/p>\n\n\n\n<p class=\"has-black-color has-text-color has-link-color wp-elements-6b75a6bfeb5c0d343feab9b456a57bd2\" style=\"font-size:18px\"><strong>Qual das alternativas apresenta apenas adjetivos presentes no texto?<\/strong><\/p>\n\n\n\n<p class=\"has-black-color has-text-color has-link-color wp-elements-dff38561e2cbb026a84b36287a7d5074\" style=\"font-size:18px\">A) inovador, cr\u00edtica, maturidade, idade<br>B) brasileira, talentoso, complexos, idade<br>C) jovem, brasileira, envolvente, surpreendentes<br>D) recente, autora, livro, realistas<\/p>\n\n\n\n<hr class=\"wp-block-separator has-alpha-channel-opacity\"\/>\n\n\n\n<p class=\"has-black-color has-text-color has-link-color wp-elements-99f101f15c74f57d8318323982f3df09\" style=\"font-size:18px\"><strong>17.<\/strong> <strong>Leia o texto abaixo:<\/strong><br>&#8220;<em>Durante a noite chuvosa, os moradores mais atentos notaram um leve tremor que abalou algumas casas antigas do bairro. Apesar do susto inicial, a situa\u00e7\u00e3o foi rapidamente controlada pelos bombeiros locais.<\/em>&#8220;<\/p>\n\n\n\n<p class=\"has-black-color has-text-color has-link-color wp-elements-abb248548bf4c06c9a7b50d109dcd913\" style=\"font-size:18px\"><strong>Assinale a alternativa que apresenta um adjetivo em grau comparativo.<\/strong><\/p>\n\n\n\n<p class=\"has-black-color has-text-color has-link-color wp-elements-4618bcf66cefcdf72e432ab9751e0f21\" style=\"font-size:18px\">A) antigos<br>B) leves<br>C) mais atentos<br>D) locais<\/p>\n\n\n\n<hr class=\"wp-block-separator has-alpha-channel-opacity\"\/>\n\n\n\n<p class=\"has-black-color has-text-color has-link-color wp-elements-c42aabd4d34c683fe0ada188fe4edcf4\" style=\"font-size:18px\"><strong>18.<\/strong> <strong>Leia o texto abaixo:<\/strong><br>&#8220;<em>A vila pacata foi surpreendida por um inc\u00eandio repentino. As chamas se espalharam rapidamente, amea\u00e7ando as constru\u00e7\u00f5es mais fr\u00e1geis. Foi necess\u00e1rio agir com coragem e efici\u00eancia para conter o fogo antes que os danos fossem maiores.<\/em>&#8220;<\/p>\n\n\n\n<p class=\"has-black-color has-text-color has-link-color wp-elements-513385e8a86fcf47bba6f56fcd52f66e\" style=\"font-size:18px\"><strong>Na express\u00e3o \u201cos danos fossem maiores\u201d, temos:<\/strong><\/p>\n\n\n\n<p class=\"has-black-color has-text-color has-link-color wp-elements-e987c7012c3bbc7645ceae4f9f666a31\" style=\"font-size:18px\">A) adjetivo no grau comparativo de superioridade<br>B) adjetivo composto e primitivo<br>C) adjetivo no grau superlativo absoluto sint\u00e9tico<br>D) adjetivo derivado de um adv\u00e9rbio<\/p>\n\n\n\n<hr class=\"wp-block-separator has-alpha-channel-opacity\"\/>\n\n\n\n<p class=\"has-black-color has-text-color has-link-color wp-elements-0c203e04d97b742c6c898c2bcb0096ab\" style=\"font-size:18px\"><strong>19.<\/strong> <strong>Leia o texto abaixo:<\/strong><br>&#8220;<em>O velho pescador observava o mar calmo com olhos atentos. As ondas suaves e o c\u00e9u limpo anunciavam uma manh\u00e3 promissora. Seu barco simples, mas resistente, j\u00e1 estava preparado para mais um dia de trabalho.<\/em>&#8220;<\/p>\n\n\n\n<p class=\"has-black-color has-text-color has-link-color wp-elements-2becb1561a9376d1e5eabfc1b4c4b47e\" style=\"font-size:18px\"><strong>Quantos adjetivos h\u00e1 no texto?<\/strong><\/p>\n\n\n\n<p class=\"has-black-color has-text-color has-link-color wp-elements-696f3fef94701c416ea7924bc6004bed\" style=\"font-size:18px\">A) 3<br>B) 4<br>C) 5<br>D) 6<\/p>\n\n\n\n<hr class=\"wp-block-separator has-alpha-channel-opacity\"\/>\n\n\n\n<p class=\"has-black-color has-text-color has-link-color wp-elements-a7ab948dd30e02d39acf443ed616bdc1\" style=\"font-size:18px\"><strong>20.<\/strong> <strong>Leia o texto abaixo:<\/strong><br>&#8220;<em>As duas meninas mais novas do grupo se mostraram extremamente criativas ao elaborar a apresenta\u00e7\u00e3o. Seus desenhos coloridos e ideias inovadoras chamaram a aten\u00e7\u00e3o dos colegas e do professor respons\u00e1vel.<\/em>&#8220;<\/p>\n\n\n\n<p class=\"has-black-color has-text-color has-link-color wp-elements-25c084937e08c43b3c356755aec7e418\" style=\"font-size:18px\"><strong>O adjetivo \u201cmais novas\u201d est\u00e1 no:<\/strong><\/p>\n\n\n\n<p class=\"has-black-color has-text-color has-link-color wp-elements-f96661fafad6b6674e90a3449e1a0ebc\" style=\"font-size:18px\">A) superlativo absoluto sint\u00e9tico<br>B) comparativo de inferioridade<br>C) superlativo relativo de superioridade<br>D) comparativo de igualdade<\/p>\n\n\n\n<hr class=\"wp-block-separator has-alpha-channel-opacity\"\/>\n\n\n\n<p class=\"has-black-color has-text-color has-link-color wp-elements-85a30c5a740ac5b18b64478a2ee13092\" style=\"font-size:9px\"><strong>GABARITO:<\/strong> 1.B; 2.C; 3.C; 4.A; 5.C; 6.C; 7.C; 8.C; 9.C; 10.C; 11.A; 12.B; 13.C; 14.D; 15.C; 16.C; 17.C; 18.A; 19.C; 20.C<\/p>\n","protected":false},"excerpt":{"rendered":"<p>1. Na ora\u00e7\u00e3o &#8220;A crian\u00e7a curiosa observava atentamente o formigueiro no jardim.&#8221; o adjetivo &#8220;curiosa&#8220;: A) est\u00e1 no grau comparativo de igualdadeB) \u00e9 um adjetivo simples, no feminino e singularC) \u00e9 um adjetivo composto e derivadoD) concorda com um verbo no plural 2. Na ora\u00e7\u00e3o &#8220;Os m\u00f3veis antigos foram restaurados por um artes\u00e3o experiente.&#8221; o [&hellip;]<\/p>\n","protected":false},"author":1,"featured_media":0,"parent":0,"menu_order":0,"comment_status":"closed","ping_status":"closed","template":"","meta":{"footnotes":""},"class_list":["post-303","page","type-page","status-publish","hentry"],"_links":{"self":[{"href":"https:\/\/ligadonoportugues.com.br\/index.php\/wp-json\/wp\/v2\/pages\/303","targetHints":{"allow":["GET"]}}],"collection":[{"href":"https:\/\/ligadonoportugues.com.br\/index.php\/wp-json\/wp\/v2\/pages"}],"about":[{"href":"https:\/\/ligadonoportugues.com.br\/index.php\/wp-json\/wp\/v2\/types\/page"}],"author":[{"embeddable":true,"href":"https:\/\/ligadonoportugues.com.br\/index.php\/wp-json\/wp\/v2\/users\/1"}],"replies":[{"embeddable":true,"href":"https:\/\/ligadonoportugues.com.br\/index.php\/wp-json\/wp\/v2\/comments?post=303"}],"version-history":[{"count":21,"href":"https:\/\/ligadonoportugues.com.br\/index.php\/wp-json\/wp\/v2\/pages\/303\/revisions"}],"predecessor-version":[{"id":481,"href":"https:\/\/ligadonoportugues.com.br\/index.php\/wp-json\/wp\/v2\/pages\/303\/revisions\/481"}],"wp:attachment":[{"href":"https:\/\/ligadonoportugues.com.br\/index.php\/wp-json\/wp\/v2\/media?parent=303"}],"curies":[{"name":"wp","href":"https:\/\/api.w.org\/{rel}","templated":true}]}}