{"id":334,"date":"2025-06-11T21:38:52","date_gmt":"2025-06-12T00:38:52","guid":{"rendered":"https:\/\/ligadonoportugues.com.br\/?page_id=334"},"modified":"2025-06-13T10:26:26","modified_gmt":"2025-06-13T13:26:26","slug":"conjuncoes-subordinativas","status":"publish","type":"page","link":"https:\/\/ligadonoportugues.com.br\/index.php\/conjuncoes-subordinativas\/","title":{"rendered":"Conjun\u00e7\u00f5es Subordinativas"},"content":{"rendered":"\n<p class=\"has-black-color has-text-color has-link-color wp-elements-c559410d53d644d1ffd0bf8047dd72f2\" style=\"font-size:18px\">As <strong>conjun\u00e7\u00f5es subordinativas<\/strong> ligam uma <strong>ora\u00e7\u00e3o subordinada<\/strong> \u00e0 ora\u00e7\u00e3o principal, estabelecendo uma rela\u00e7\u00e3o de <strong>depend\u00eancia<\/strong> de sentido. Podem ser classificadas em adverbiais e <strong>integrantes<\/strong>:<\/p>\n\n\n\n<h3 class=\"wp-block-heading has-vivid-red-color has-text-color has-link-color wp-elements-d8bc25f34b159d93480f00b7be99abb2\"><strong>ADVERBIAIS<\/strong><\/h3>\n\n\n\n<h4 class=\"wp-block-heading has-text-color has-link-color wp-elements-7eb9683ebc63b980231fccb6647955ad\" style=\"color:#460188\"><strong>1. Causais<\/strong><\/h4>\n\n\n\n<p class=\"has-black-color has-text-color has-link-color wp-elements-c07a95adb64c07b169d2ebe8f5a68159\" style=\"font-size:18px\">Indicam <strong>causa ou motivo<\/strong>.<br><strong>Exemplos:<\/strong> porque, j\u00e1 que, visto que, como (no in\u00edcio da frase), uma vez que<br><em>Como choveu, o jogo foi cancelado.<\/em><\/p>\n\n\n\n<h4 class=\"wp-block-heading has-text-color has-link-color wp-elements-b7d102b248c8dc83d000d5c40f17d8fc\" style=\"color:#460188\"><strong>2. Comparativas<\/strong><\/h4>\n\n\n\n<p class=\"has-black-color has-text-color has-link-color wp-elements-b48aedae4b46cd0cec297fec5a1f2c71\" style=\"font-size:18px\">Estabelecem <strong>compara\u00e7\u00f5es<\/strong>.<br><strong>Exemplos:<\/strong> como, que, do que, assim como, tal qual<br><em>Ela corre <strong>como<\/strong> uma atleta.<\/em><\/p>\n\n\n\n<h4 class=\"wp-block-heading has-text-color has-link-color wp-elements-c821a51329f9ae1081e87ebc3c35e118\" style=\"color:#460188\"><strong>3. Concessivas<\/strong><\/h4>\n\n\n\n<p class=\"has-black-color has-text-color has-link-color wp-elements-fd091b4a308c48ed0ab87ad8bc03fe39\" style=\"font-size:18px\">Indicam uma <strong>contrariedade<\/strong> ao que se esperava.<br><strong>Exemplos:<\/strong> embora, ainda que, mesmo que, conquanto<br><em><strong>Embora<\/strong> cansado, foi \u00e0 aula.<\/em><\/p>\n\n\n\n<h4 class=\"wp-block-heading has-text-color has-link-color wp-elements-531ccfa4b79034d5abdb6b43e5aaa596\" style=\"color:#460188\"><strong>4. Condicionais<\/strong><\/h4>\n\n\n\n<p class=\"has-black-color has-text-color has-link-color wp-elements-0d973d972e090b9e0f62738dc802fa00\" style=\"font-size:18px\">Expressam <strong>condi\u00e7\u00e3o<\/strong>.<br><strong>Exemplos:<\/strong> se, caso, contanto que, desde que<br><em><strong>Se<\/strong> estudar, passar\u00e1.<\/em><\/p>\n\n\n\n<h4 class=\"wp-block-heading has-text-color has-link-color wp-elements-5e4387a752370a6f16db498473d8c31c\" style=\"color:#460188\"><strong>5. Conformativas<\/strong><\/h4>\n\n\n\n<p class=\"has-black-color has-text-color has-link-color wp-elements-fd7b689f59f98df92c1e9d4b45b339f3\" style=\"font-size:18px\">Indicam <strong>conformidade ou acordo<\/strong>.<br><strong>Exemplos:<\/strong> conforme, segundo, como<br><em><strong>Segundo<\/strong> os m\u00e9dicos, ele est\u00e1 bem.<\/em><\/p>\n\n\n\n<h4 class=\"wp-block-heading has-text-color has-link-color wp-elements-75ed920a6fd1692e60df41ef48ae6213\" style=\"color:#460188\"><strong>6. Consecutivas<\/strong><\/h4>\n\n\n\n<p class=\"has-black-color has-text-color has-link-color wp-elements-61b9303eac7587542ec0c6e53b4e8c19\" style=\"font-size:18px\">Expressam <strong>consequ\u00eancia<\/strong>.<br><strong>Exemplos:<\/strong> de modo que, de forma que, que (depois de t\u00e3o, tanto, tamanho&#8230;)<br><em>Estava <strong>t\u00e3o<\/strong> cansado <strong>que<\/strong> dormiu na aula.<\/em><\/p>\n\n\n\n<h4 class=\"wp-block-heading has-text-color has-link-color wp-elements-f094c271548432b3a08509f1fb52de1f\" style=\"color:#460188\"><strong>7. Finais<\/strong><\/h4>\n\n\n\n<p class=\"has-black-color has-text-color has-link-color wp-elements-7328425132afa46ca717a1b4a3c8c590\" style=\"font-size:18px\">Indicam <strong>finalidade ou objetivo<\/strong>.<br><strong>Exemplos:<\/strong> para que, a fim de que<br><em>Estudou muito <strong>para que<\/strong> pudesse vencer.<\/em><\/p>\n\n\n\n<h4 class=\"wp-block-heading has-text-color has-link-color wp-elements-8f678ce8602b47bd2b748cc4031c6dbf\" style=\"color:#460188\"><strong>8. Proporcionais<\/strong><\/h4>\n\n\n\n<p class=\"has-black-color has-text-color has-link-color wp-elements-19511d56090e61232b9269d6922c0ed1\" style=\"font-size:18px\">Estabelecem <strong>propor\u00e7\u00e3o ou simultaneidade<\/strong>.<br><strong>Exemplos:<\/strong> \u00e0 medida que, \u00e0 propor\u00e7\u00e3o que, quanto mais&#8230;mais<br><em>\u00c0 medida que crescia, tornava-se mais respons\u00e1vel.<\/em><\/p>\n\n\n\n<h4 class=\"wp-block-heading has-text-color has-link-color wp-elements-3a1088dd3e737546fbb0b291243af7ec\" style=\"color:#460188\"><strong>9. Temporais<\/strong><\/h4>\n\n\n\n<p class=\"has-black-color has-text-color has-link-color wp-elements-fef8f40bc0f797e32e9204fbe87ef102\" style=\"font-size:18px\">Indicam <strong>tempo<\/strong>.<br><strong>Exemplos:<\/strong> quando, assim que, logo que, enquanto, depois que<br><em><strong>Quando<\/strong> chegou, j\u00e1 era tarde.<\/em><\/p>\n\n\n\n<h3 class=\"wp-block-heading has-vivid-red-color has-text-color has-link-color wp-elements-f3ea1c3ad932d0818f5867a2bdd9f7a1\"><strong>INTEGRANTES<\/strong><\/h3>\n\n\n\n<p class=\"has-black-color has-text-color has-link-color wp-elements-ce7fa9b0dc8567696bd733b5ce1ac311\" style=\"font-size:18px\">As <strong>conjun\u00e7\u00f5es integrantes<\/strong> n\u00e3o indicam uma rela\u00e7\u00e3o espec\u00edfica de causa, tempo, condi\u00e7\u00e3o etc. Elas simplesmente introduzem uma ora\u00e7\u00e3o subordinada substantiva, ou seja, uma ora\u00e7\u00e3o que funciona como sujeito, objeto ou outro termo da ora\u00e7\u00e3o principal.<\/p>\n\n\n\n<p class=\"has-black-color has-text-color has-link-color wp-elements-8484880b449022d6d3347bc2528f84d6\" style=\"font-size:18px\">As principais conjun\u00e7\u00f5es integrantes s\u00e3o:<\/p>\n\n\n\n<ul class=\"wp-block-list\">\n<li class=\"has-black-color has-text-color has-link-color wp-elements-4252dd33ce37c3b6e4a87b37171c2f54\" style=\"font-size:18px\"><strong>que<\/strong><\/li>\n\n\n\n<li class=\"has-black-color has-text-color has-link-color wp-elements-52cee7025096a18bc9d32016c314b209\" style=\"font-size:18px\"><strong>se<\/strong><\/li>\n<\/ul>\n\n\n\n<p class=\"has-black-color has-text-color has-link-color wp-elements-7bb39f3d3b25a3d274cbe7021b61c683\" style=\"font-size:18px\"><strong>Exemplos:<\/strong><\/p>\n\n\n\n<ul class=\"wp-block-list\">\n<li class=\"has-black-color has-text-color has-link-color wp-elements-388cf885665070dd2d5b2ab620537ca7\" style=\"font-size:18px\"><em>N\u00e3o sei <strong>se<\/strong> ele vir\u00e1.<\/em> (ora\u00e7\u00e3o subordinada funcionando como objeto direto)<\/li>\n\n\n\n<li class=\"has-black-color has-text-color has-link-color wp-elements-d54dce06da775d8d93601b6ff6a52f4d\" style=\"font-size:18px\"><em>\u00c9 necess\u00e1rio <strong>que<\/strong> todos participem.<\/em> (ora\u00e7\u00e3o subordinada funcionando como sujeito)<\/li>\n<\/ul>\n\n\n\n<p class=\"has-black-color has-text-color has-link-color wp-elements-25b6f26fc58495b62ad092ed7a5f07f9\" style=\"font-size:18px\"><strong>Dica:<\/strong> Se voc\u00ea puder substituir a ora\u00e7\u00e3o subordinada por <strong>&#8220;isso&#8221;<\/strong> e a frase continuar com sentido, provavelmente est\u00e1 diante de uma conjun\u00e7\u00e3o integrante.<\/p>\n\n\n\n<p class=\"has-black-color has-text-color has-link-color wp-elements-e2fb3e500881a1c94bd140cb31fdb9ff\" style=\"font-size:18px\"><em>\u00c9 necess\u00e1rio que todos participem.<\/em> \u2192<em>\u00c9 necess\u00e1rio <strong>isso<\/strong><\/em>.<\/p>\n","protected":false},"excerpt":{"rendered":"<p>As conjun\u00e7\u00f5es subordinativas ligam uma ora\u00e7\u00e3o subordinada \u00e0 ora\u00e7\u00e3o principal, estabelecendo uma rela\u00e7\u00e3o de depend\u00eancia de sentido. Podem ser classificadas em adverbiais e integrantes: ADVERBIAIS 1. Causais Indicam causa ou motivo.Exemplos: porque, j\u00e1 que, visto que, como (no in\u00edcio da frase), uma vez queComo choveu, o jogo foi cancelado. 2. Comparativas Estabelecem compara\u00e7\u00f5es.Exemplos: como, que, [&hellip;]<\/p>\n","protected":false},"author":1,"featured_media":0,"parent":0,"menu_order":0,"comment_status":"closed","ping_status":"closed","template":"","meta":{"footnotes":""},"class_list":["post-334","page","type-page","status-publish","hentry"],"_links":{"self":[{"href":"https:\/\/ligadonoportugues.com.br\/index.php\/wp-json\/wp\/v2\/pages\/334","targetHints":{"allow":["GET"]}}],"collection":[{"href":"https:\/\/ligadonoportugues.com.br\/index.php\/wp-json\/wp\/v2\/pages"}],"about":[{"href":"https:\/\/ligadonoportugues.com.br\/index.php\/wp-json\/wp\/v2\/types\/page"}],"author":[{"embeddable":true,"href":"https:\/\/ligadonoportugues.com.br\/index.php\/wp-json\/wp\/v2\/users\/1"}],"replies":[{"embeddable":true,"href":"https:\/\/ligadonoportugues.com.br\/index.php\/wp-json\/wp\/v2\/comments?post=334"}],"version-history":[{"count":22,"href":"https:\/\/ligadonoportugues.com.br\/index.php\/wp-json\/wp\/v2\/pages\/334\/revisions"}],"predecessor-version":[{"id":524,"href":"https:\/\/ligadonoportugues.com.br\/index.php\/wp-json\/wp\/v2\/pages\/334\/revisions\/524"}],"wp:attachment":[{"href":"https:\/\/ligadonoportugues.com.br\/index.php\/wp-json\/wp\/v2\/media?parent=334"}],"curies":[{"name":"wp","href":"https:\/\/api.w.org\/{rel}","templated":true}]}}