{"id":357,"date":"2025-06-12T09:04:52","date_gmt":"2025-06-12T12:04:52","guid":{"rendered":"http:\/\/ligadonoportugues.com.br\/?page_id=357"},"modified":"2025-06-12T10:39:01","modified_gmt":"2025-06-12T13:39:01","slug":"locucoes-adverbiais","status":"publish","type":"page","link":"https:\/\/ligadonoportugues.com.br\/index.php\/locucoes-adverbiais\/","title":{"rendered":"Locu\u00e7\u00f5es Adverbiais"},"content":{"rendered":"\n<p class=\"has-black-color has-text-color has-link-color wp-elements-bf119126d43cbea1527c1c9f305f08e8\" style=\"font-size:18px\">As <strong>locu\u00e7\u00f5es adverbiais<\/strong>, assim como os adv\u00e9rbios, modificam o sentido de um verbo, de um adjetivo ou de outro adv\u00e9rbio, indicando uma circunst\u00e2ncia espec\u00edfica (de tempo, lugar, modo, etc.).<\/p>\n\n\n\n<p class=\"has-black-color has-text-color has-link-color wp-elements-8a7ef006c5cb71a3aaa7ad7b8516974f\" style=\"font-size:18px\">S\u00e3o formadas por duas ou mais palavras, geralmente uma <strong>preposi\u00e7\u00e3o<\/strong> seguida de um <strong>substantivo<\/strong>, <strong>adjetivo<\/strong> ou at\u00e9 outro <strong>adv\u00e9rbio<\/strong>.<\/p>\n\n\n\n<blockquote class=\"wp-block-quote is-layout-flow wp-block-quote-is-layout-flow\">\n<p class=\"has-black-color has-text-color has-link-color wp-elements-ea6bdfd2d74292787a8338b710fa79d8\" style=\"font-size:18px\"><strong>Exemplo geral:<\/strong><br><em>Ela agiu <strong>com cautela<\/strong>.<\/em><br>(Locu\u00e7\u00e3o adverbial de modo que equivale a \u201ccuidadosamente\u201d.)<\/p>\n<\/blockquote>\n\n\n\n<hr class=\"wp-block-separator has-alpha-channel-opacity\"\/>\n\n\n\n<p class=\"has-vivid-red-color has-text-color has-link-color has-medium-font-size wp-elements-1412d6e29ced31c6bf867f596a426d67\"><strong>Locu\u00e7\u00f5es Adverbiais por Tipo<\/strong><\/p>\n\n\n\n<p class=\"has-black-color has-text-color has-link-color has-medium-font-size wp-elements-6232ce79befe8383593e12ed5f4ec98c\"><strong>Tempo<\/strong> (quando?)<\/p>\n\n\n\n<p class=\"has-black-color has-text-color has-link-color wp-elements-f7f7f2f5c324f211d02f4ab1f19f3986\" style=\"font-size:18px\">\u2013 de manh\u00e3<br>\u2013 \u00e0 tarde<br>\u2013 de vez em quando<br>\u2013 em breve<br>\u2013 \u00e0 noite<br>\u2013 de tempos em tempos<\/p>\n\n\n\n<blockquote class=\"wp-block-quote is-layout-flow wp-block-quote-is-layout-flow\">\n<p class=\"has-black-color has-text-color has-link-color wp-elements-5fd81ba29bc4db1c2d7c86f967f261f3\" style=\"font-size:18px\">Ex: <em><strong>De vez em quando<\/strong>, ele viaja.<\/em><\/p>\n<\/blockquote>\n\n\n\n<hr class=\"wp-block-separator has-alpha-channel-opacity\"\/>\n\n\n\n<p class=\"has-black-color has-text-color has-link-color has-medium-font-size wp-elements-a66f66ec71b54e67bec80de7e91d2764\"><strong>Lugar<\/strong> (onde?)<\/p>\n\n\n\n<p class=\"has-black-color has-text-color has-link-color wp-elements-0a75a32875fd97688fac09b7b9b297e0\" style=\"font-size:18px\">\u2013 ao lado<br>\u2013 \u00e0 direita<br>\u2013 \u00e0 esquerda<br>\u2013 em cima<br>\u2013 por perto<br>\u2013 \u00e0 dist\u00e2ncia<\/p>\n\n\n\n<blockquote class=\"wp-block-quote is-layout-flow wp-block-quote-is-layout-flow\">\n<p class=\"has-black-color has-text-color has-link-color wp-elements-7ce7dc8d2f32613ee97d26621702e524\" style=\"font-size:18px\">Ex: <em>O restaurante fica <strong>ao lado<\/strong> da farm\u00e1cia.<\/em><\/p>\n<\/blockquote>\n\n\n\n<hr class=\"wp-block-separator has-alpha-channel-opacity\"\/>\n\n\n\n<p class=\"has-black-color has-text-color has-link-color has-medium-font-size wp-elements-891ec40abaaa51087910e13f24cd1573\"><strong>Modo<\/strong> (como?)<\/p>\n\n\n\n<p class=\"has-black-color has-text-color has-link-color wp-elements-14c4328d5acd9626c0008f31709e5d26\" style=\"font-size:18px\">\u2013 com carinho<br>\u2013 de forma r\u00e1pida<br>\u2013 \u00e0s pressas<br>\u2013 com cuidado<br>\u2013 em sil\u00eancio<br>\u2013 de prop\u00f3sito<\/p>\n\n\n\n<blockquote class=\"wp-block-quote is-layout-flow wp-block-quote-is-layout-flow\">\n<p class=\"has-black-color has-text-color has-link-color wp-elements-b7e98c512a4873c0ed358bf478848f82\" style=\"font-size:18px\">Ex: <em>Ela respondeu <strong>com carinho<\/strong>.<\/em><\/p>\n<\/blockquote>\n\n\n\n<hr class=\"wp-block-separator has-alpha-channel-opacity\"\/>\n\n\n\n<p class=\"has-black-color has-text-color has-link-color has-medium-font-size wp-elements-84008719492c94997db868b43f052e31\"><strong>Intensidade<\/strong> (quanto?)<\/p>\n\n\n\n<p class=\"has-black-color has-text-color has-link-color wp-elements-dda99f5085eca47d87ae1f2697145335\" style=\"font-size:18px\">\u2013 em excesso<br>\u2013 de todo<br>\u2013 com for\u00e7a<\/p>\n\n\n\n<blockquote class=\"wp-block-quote is-layout-flow wp-block-quote-is-layout-flow\">\n<p class=\"has-black-color has-text-color has-link-color wp-elements-76653b27fdf4bfabe9a4d72d806685af\" style=\"font-size:18px\">Ex: <em>Ele comeu <strong>em excesso<\/strong><\/em>.<\/p>\n<\/blockquote>\n\n\n\n<hr class=\"wp-block-separator has-alpha-channel-opacity\"\/>\n\n\n\n<p class=\"has-black-color has-text-color has-link-color has-medium-font-size wp-elements-12a606b6455e6e89f2f3416e78b4ae1d\"><strong>Afirma\u00e7\u00e3o<\/strong><\/p>\n\n\n\n<p class=\"has-black-color has-text-color has-link-color wp-elements-8ac6779a83114a9629922a3892cef53a\" style=\"font-size:18px\">\u2013 sem d\u00favida<br>\u2013 com certeza<br>\u2013 por certo<\/p>\n\n\n\n<blockquote class=\"wp-block-quote is-layout-flow wp-block-quote-is-layout-flow\">\n<p class=\"has-black-color has-text-color has-link-color wp-elements-781877879ba558eade8394c7a061af2c\" style=\"font-size:18px\">Ex: <em><strong>Com certeza<\/strong>, ela vai passar.<\/em><\/p>\n<\/blockquote>\n\n\n\n<hr class=\"wp-block-separator has-alpha-channel-opacity\"\/>\n\n\n\n<p class=\"has-black-color has-text-color has-link-color has-medium-font-size wp-elements-9e8c648243f0e23aad6dedcc835f85fa\"><strong>Nega\u00e7\u00e3o<\/strong><\/p>\n\n\n\n<p class=\"has-black-color has-text-color has-link-color wp-elements-a7bfc8a20aa2e52aa61a31fe4600cd88\" style=\"font-size:18px\">\u2013 de modo algum<br>\u2013 de forma nenhuma<\/p>\n\n\n\n<blockquote class=\"wp-block-quote is-layout-flow wp-block-quote-is-layout-flow\">\n<p class=\"has-black-color has-text-color has-link-color wp-elements-d4791d676360a904c3f96d15aff164fe\" style=\"font-size:18px\">Ex: <em><strong>De modo algum<\/strong> aceitarei isso.<\/em><\/p>\n<\/blockquote>\n\n\n\n<hr class=\"wp-block-separator has-alpha-channel-opacity\"\/>\n\n\n\n<h4 class=\"wp-block-heading has-black-color has-text-color has-link-color has-medium-font-size wp-elements-4789e88dad36a2aacd52a25e8de206f9\"><strong>D\u00favida<\/strong><\/h4>\n\n\n\n<p class=\"has-black-color has-text-color has-link-color wp-elements-c4a7b4d751550fb28272229efd62a824\" style=\"font-size:18px\">\u2013 por acaso<br>\u2013 talvez um dia (informal)<\/p>\n\n\n\n<blockquote class=\"wp-block-quote is-layout-flow wp-block-quote-is-layout-flow\">\n<p class=\"has-black-color has-text-color has-link-color wp-elements-ee2e60af5447164a2e22952757e1de28\" style=\"font-size:18px\">Ex: <em><strong>Talvez<\/strong> ele mude de ideia<\/em>.<\/p>\n<\/blockquote>\n\n\n\n<hr class=\"wp-block-separator has-alpha-channel-opacity\"\/>\n\n\n\n<p class=\"has-black-color has-text-color has-background has-link-color has-medium-font-size wp-elements-a819e56e6f23e46cf4a759f550b37a76\" style=\"background-color:#f7ea5f\"><strong>Dica pr\u00e1tica<\/strong><\/p>\n\n\n\n<p class=\"has-black-color has-text-color has-link-color wp-elements-39bc3fdf8ea7a00bb7353fbd7767622c\" style=\"font-size:18px\"><strong>Locu\u00e7\u00f5es adverbiais<\/strong> muitas vezes podem ser substitu\u00eddas por um adv\u00e9rbio simples.<\/p>\n\n\n\n<figure class=\"wp-block-image size-full is-resized\"><img loading=\"lazy\" decoding=\"async\" width=\"903\" height=\"486\" src=\"https:\/\/ligadonoportugues.com.br\/wp-content\/uploads\/2025\/06\/Locucao-Adverbial.jpg\" alt=\"\" class=\"wp-image-371\" style=\"width:397px;height:auto\" srcset=\"https:\/\/ligadonoportugues.com.br\/wp-content\/uploads\/2025\/06\/Locucao-Adverbial.jpg 903w, https:\/\/ligadonoportugues.com.br\/wp-content\/uploads\/2025\/06\/Locucao-Adverbial-300x161.jpg 300w, https:\/\/ligadonoportugues.com.br\/wp-content\/uploads\/2025\/06\/Locucao-Adverbial-768x413.jpg 768w\" sizes=\"auto, (max-width: 903px) 100vw, 903px\" \/><\/figure>\n\n\n\n<p><\/p>\n\n\n\n<p class=\"has-black-color has-text-color has-link-color wp-elements-bfbce9c20d9f2e3edaef94b50972a1f6\" style=\"font-size:18px\">Embora a maioria das <strong>locu\u00e7\u00f5es adverbiais<\/strong> seja formada por uma <strong>preposi\u00e7\u00e3o + substantivo\/adjetivo\/adv\u00e9rbio<\/strong>, h\u00e1 <strong>express\u00f5es idiom\u00e1ticas ou populares<\/strong> que tamb\u00e9m desempenham o papel de adv\u00e9rbios, mesmo sem obedecer \u00e0 forma tradicional.<\/p>\n\n\n\n<p class=\"has-black-color has-text-color has-link-color wp-elements-f33116356ddc9960c464be12b19906da\" style=\"font-size:18px\">Por exemplo:<br><strong><em><mark style=\"background-color:rgba(0, 0, 0, 0);color:#56005b\" class=\"has-inline-color\">Quem sabe<\/mark><\/em><\/strong> \u2192 n\u00e3o \u00e9 uma locu\u00e7\u00e3o t\u00edpica (pois h\u00e1 um <strong>pronome<\/strong> e um <strong>verbo<\/strong>), mas <strong>equivale semanticamente<\/strong> ao adv\u00e9rbio <strong><mark style=\"background-color:rgba(0, 0, 0, 0);color:#56005b\" class=\"has-inline-color\">talvez<\/mark><\/strong>.<\/p>\n\n\n\n<blockquote class=\"wp-block-quote is-layout-flow wp-block-quote-is-layout-flow\">\n<p class=\"has-black-color has-text-color has-link-color wp-elements-aa193fc35fb6b37a9927fb391c490433\" style=\"font-size:18px\">Frase: <strong><em>Quem sabe ela aceita o convite<\/em><\/strong>?<br>Reescrita: <strong><em>Talvez ela aceite o convite.<\/em><\/strong><br>Ambas transmitem a <strong>ideia de d\u00favida<\/strong>.<\/p>\n<\/blockquote>\n\n\n\n<p>Frase: <strong><em>Quem sabe ele muda de ideia sobre o neg\u00f3cio do carro?<\/em><\/strong><br>Reescrita: <strong><em>Talvez ele mude de ideia sobre o neg\u00f3cio do carro.<\/em><\/strong><br>Ambas transmitem a <strong>ideia de d\u00favida<\/strong>.<\/p>\n","protected":false},"excerpt":{"rendered":"<p>As locu\u00e7\u00f5es adverbiais, assim como os adv\u00e9rbios, modificam o sentido de um verbo, de um adjetivo ou de outro adv\u00e9rbio, indicando uma circunst\u00e2ncia espec\u00edfica (de tempo, lugar, modo, etc.). S\u00e3o formadas por duas ou mais palavras, geralmente uma preposi\u00e7\u00e3o seguida de um substantivo, adjetivo ou at\u00e9 outro adv\u00e9rbio. Exemplo geral:Ela agiu com cautela.(Locu\u00e7\u00e3o adverbial de [&hellip;]<\/p>\n","protected":false},"author":1,"featured_media":0,"parent":0,"menu_order":0,"comment_status":"closed","ping_status":"closed","template":"","meta":{"footnotes":""},"class_list":["post-357","page","type-page","status-publish","hentry"],"_links":{"self":[{"href":"https:\/\/ligadonoportugues.com.br\/index.php\/wp-json\/wp\/v2\/pages\/357","targetHints":{"allow":["GET"]}}],"collection":[{"href":"https:\/\/ligadonoportugues.com.br\/index.php\/wp-json\/wp\/v2\/pages"}],"about":[{"href":"https:\/\/ligadonoportugues.com.br\/index.php\/wp-json\/wp\/v2\/types\/page"}],"author":[{"embeddable":true,"href":"https:\/\/ligadonoportugues.com.br\/index.php\/wp-json\/wp\/v2\/users\/1"}],"replies":[{"embeddable":true,"href":"https:\/\/ligadonoportugues.com.br\/index.php\/wp-json\/wp\/v2\/comments?post=357"}],"version-history":[{"count":16,"href":"https:\/\/ligadonoportugues.com.br\/index.php\/wp-json\/wp\/v2\/pages\/357\/revisions"}],"predecessor-version":[{"id":376,"href":"https:\/\/ligadonoportugues.com.br\/index.php\/wp-json\/wp\/v2\/pages\/357\/revisions\/376"}],"wp:attachment":[{"href":"https:\/\/ligadonoportugues.com.br\/index.php\/wp-json\/wp\/v2\/media?parent=357"}],"curies":[{"name":"wp","href":"https:\/\/api.w.org\/{rel}","templated":true}]}}